?
13
Let k = 1053 + -651. Calculate the remainder when k is divided by 9.
6
Let m = 33 - 18. Suppose 5*w = -3*x + 30, -3*x + 0*w + 4*w + 30 = 0. What is the remainder when m is divided by x?
5
Let v = 75 - 45. Let g = -310 + 313. Suppose g*s - v = -2*s. What is the remainder when 8 is divided by s?
2
Let d = 38 + -38. Suppose f - 44 + 2 = d. Calculate the remainder when f is divided by 11.
9
Let g(c) = -c + 5. Calculate the remainder when 44 is divided by g(1).
0
Suppose -z - 1 + 7 = 0. Suppose 0 = 5*p - 2*k - z, 3*p + p - 4 = 2*k. Suppose -p*b = b - 90. Calculate the remainder when b is divided by 16.
14
Suppose 0 = 3*f - 268 + 76. Suppose 3*j + f = 85. Calculate the remainder when 10 is divided by j.
3
Let d be -2*-4*(-4)/(-16)*-2. What is the remainder when d/(-12) + (-8)/18*-6 is divided by 3?
0
Let l = -155 - -170. Calculate the remainder when 85 is divided by l.
10
Let p = -873 + 932. Calculate the remainder when 292 is divided by p.
56
Suppose -887 = -12*f + 781. Suppose 0*u + 92 = 2*y + 2*u, 3*y - 3*u - 144 = 0. Calculate the remainder when f is divided by y.
45
Let l(x) = 21*x - 229. Calculate the remainder when 175 is divided by l(13).
43
Let t(o) = 3*o - 3. Let g(j) = j**2 + 34*j - 68. What is the remainder when t(10) is divided by g(2)?
3
Let m = 9 - 4. Suppose 4*h + 13 = m*h. Let x(p) = 4*p - 1. What is the remainder when h is divided by x(2)?
6
Suppose 30 = o - 3*c, -8*c = -5*o - 6*c + 124. What is the remainder when 32 is divided by o?
8
Suppose -332 = -5*v + 108. Suppose v = 4*h + 20. What is the remainder when h is divided by 7?
3
Let t(h) = 4*h**2 + 6*h - 12. Calculate the remainder when t(3) is divided by 12 + (-1 + 0)*-3.
12
Suppose -5*w + 320 = 5*b, -8*b + 265 = -4*b + w. What is the remainder when b is divided by 24?
19
Let p = 128 - -135. What is the remainder when p is divided by 67?
62
Let v(g) = -g**3 - 5*g**2 + 3*g + 5. Let s be v(-5). Let q(t) = -53*t**3 + t**2 + t. Calculate the remainder when q(-1) is divided by (12/s)/(8/(-180)).
26
Suppose 18 = -8*n + 2. Let q(t) = 13*t**2 - 9*t - 5. Calculate the remainder when q(n) is divided by 22.
21
Suppose 2 = -5*b + 8*b + h, 5*h + 18 = -b. Suppose -b*q - 254 + 47 = -3*c, -3*c + 198 = -5*q. What is the remainder when c is divided by 24?
23
Let t(r) = 5*r - 6. Let u be t(3). Suppose 3*y - n - 10 = -2*n, -y - 2*n = 0. Calculate the remainder when 2/12*y*u is divided by 4.
2
Let f(q) = 3*q**3 + 22*q**2 + 5*q - 3. Let x be f(-7). Suppose 3*v + 27 = 5*b, -5*b = -v - 8 - x. Calculate the remainder when 8 is divided by b.
2
What is the remainder when 230 - (18/(-3) - 2) is divided by 225?
13
Suppose -5*g + 1 = -4*g. Let w be g/(-6) + 181/6. Calculate the remainder when 116/10 - (-12)/w is divided by 5.
2
Suppose -w = 4*g - 43, 0*w - 4*g - 143 = -5*w. What is the remainder when (13/4 - 3) + 940/16 is divided by w?
28
Let i(t) = -10*t + 430. Calculate the remainder when 1139 is divided by i(40).
29
Suppose -2*a + a + 23 = 0. Suppose -d + 2*l = 4*l + 1, -2*l + 8 = 4*d. Suppose p + 0*j + d*j = 59, 171 = 4*p - j. What is the remainder when p is divided by a?
21
Calculate the remainder when 141*(-8)/(-36) + (-2)/6 is divided by 21.
10
Suppose 13*c + 130 = 923. Suppose -d + 38 = d. Suppose -y + 2 = -d. Calculate the remainder when c is divided by y.
19
Let x(y) = y**2 - 4*y + 7. Let h be x(3). Let w = h - -23. What is the remainder when 78 is divided by w?
24
What is the remainder when 38 is divided by (-920)/(-90) + (-8)/36?
8
Suppose -48*t = -44*t - 20. Suppose 0 = t*r - 10*r + 50. Suppose -4*v - 3*s + 15 = -10, -3*v + 3 = -3*s. What is the remainder when r is divided by v?
2
Calculate the remainder when (-1540)/(-25) - (-6)/15 is divided by 52.
10
Let x be ((-54)/(-12))/(3/(-4)). Let v = x + 15. Calculate the remainder when 23 is divided by v.
5
Let l = 60 - 13. Suppose l = 5*f - 23. Suppose 28*p - 32 = 24*p. Calculate the remainder when f is divided by p.
6
Suppose 5*d - 5 = -5*y - 0, -4*d - 2*y + 12 = 0. Suppose -v - 173 = -d*x, 5*x + 2*v + 3*v = 185. Calculate the remainder when x is divided by 12.
11
Let n = 570 + -553. Calculate the remainder when 24 is divided by n.
7
Let m be (-2)/(-4) + 68/8. Let q(x) = -19*x + 1. What is the remainder when q(-1) is divided by (22/6)/(3/m)?
9
Let r(l) = 9*l - 8. Suppose 10 = 2*n - 4. Calculate the remainder when r(n) is divided by 15.
10
Let x(m) = 8*m - 4. Let k be x(4). Suppose 3*h = 143 + k. Let g = h - 29. What is the remainder when g is divided by 10?
8
Let q(r) = r**2 - 11*r - 235. Calculate the remainder when q(-16) is divided by 68.
61
Let n = -8 + 25. Calculate the remainder when n is divided by 12/9*(-63)/(-28).
2
Let v(x) = -x**3 - 14*x**2 + 16*x + 30. Suppose 3*k - 401 = 136. What is the remainder when k is divided by v(-15)?
14
Let v = 24 + -10. Suppose -5*h - 4 + v = 0. Suppose -5*k + 145 = s + h*s, 5*k - 115 = 3*s. What is the remainder when 77 is divided by k?
25
Suppose w - 219 - 44 = 2*j, -266 = -w - j. What is the remainder when w is divided by 27?
22
Let a = 47 - 34. Let c = 42 - a. Let p = -434 + 444. Calculate the remainder when c is divided by p.
9
Suppose 33 = 5*r + 3*p, 2*r - 5*p + 12 = 50. Let i(j) = 6 + 4 - 5 + r*j + j**2. Calculate the remainder when i(-14) is divided by 38.
37
Suppose 1 + 43 = 4*n. Suppose -8*s = 2*s - 710. Suppose -i + 9 = -2*t, -i - 3*i + t + s = 0. Calculate the remainder when i is divided by n.
8
Let z(d) = 12*d - 2*d - 4 - 8 + 5. Let j be z(7). Let a = j - 20. Calculate the remainder when a is divided by 11.
10
Suppose 4*y + 21*l - 19*l - 366 = 0, 351 = 4*y - l. Calculate the remainder when y is divided by 15.
14
Let n(m) = -2*m - m**3 + 0*m**3 + 2*m**3. Let x be n(2). Calculate the remainder when (82/(-5))/(x/(-20)) is divided by 21.
19
Suppose -2*p = 131 - 163. Calculate the remainder when 92 is divided by p.
12
Let g be 99/88 - 3/24. Suppose 0*z = -2*z + 16. Let d = z - g. What is the remainder when 26 is divided by d?
5
Let h = 330 + -280. What is the remainder when 109 is divided by h?
9
What is the remainder when 22 is divided by (-4 + 15 + -13)*14/(-4)?
1
Let b(s) = s**2 - 6*s + 12. What is the remainder when 184 is divided by b(7)?
13
Let b = 2 - -53. Calculate the remainder when 327 is divided by b.
52
Calculate the remainder when (-1872)/(-20) - (-2)/5*1 is divided by 33.
28
Suppose 0 = 4*y - 4, 3*y = n + 8*y - 16. Calculate the remainder when 18 is divided by n.
7
Let j(s) = 3*s**2 + 63*s - 200. Calculate the remainder when 462 is divided by j(3).
14
Suppose 0 = s - 5*m + 5, 0 = -s - 2*m + 3*m - 1. Suppose s = 12*t - 7*t - 40. Let k(x) = x**3 + 31. Calculate the remainder when k(0) is divided by t.
7
What is the remainder when 2 + (-636)/(-8) + 3/6 is divided by 17?
14
What is the remainder when 278*(-3)/42*-7 is divided by 41?
16
Suppose -109 = -10*g - 19. What is the remainder when 196 is divided by g?
7
Let h(r) = 18*r - 4. Let m = -19 + 14. Let c be h(m). Let t = c + 165. What is the remainder when t is divided by 18?
17
Suppose -k + 2*y - 3*y = -8, 2*y = 3*k - 4. Suppose h + 102 = k*h. Suppose 0 = -69*r + 71*r - 38. What is the remainder when h is divided by r?
15
Suppose -10*s + 1262 = -708. Calculate the remainder when s is divided by 62.
11
Let z(y) = -4*y + 14. Let p = -20 - -38. What is the remainder when z(-5) is divided by p?
16
Let a be (6/(-4))/(9/(-48)). Let h = a + 11. What is the remainder when 292/(-6)*18/(-12) is divided by h?
16
Suppose -3*k - 299 = 7*j - 9*j, 5*k = 2*j - 297. Calculate the remainder when j is divided by 14.
11
Let u(f) = -f**3 - 34*f**2 + 70*f + 45. Calculate the remainder when u(-36) is divided by 20.
17
Suppose -105 = -5*g + 6*h - 8*h, -64 = -3*g - h. Calculate the remainder when 107 is divided by g.
15
Suppose 6*b = -p + 3*b + 25, 4*b = 5*p - 125. Calculate the remainder when 222 is divided by p.
22
Let i = -588 + 1069. What is the remainder when i is divided by 10?
1
Calculate the remainder when 101 is divided by (-155)/((-36)/(-24) + -4).
39
Suppose -61 = -3*x - 19. Suppose -4*i + 0*i = -112. Let z = i - x. What is the remainder when 27 is divided by z?
13
Let b be 2 - 3 - (2 - 37). Suppose -b = j + j. Let y = j + 20. Calculate the remainder when 7 is divided by y.
1
Suppose 5*c - 82 = 3*z, 8*c = 5*c - z + 38. Suppose -26 - c = -5*v. 